{"id":1478,"date":"2023-09-21T21:53:39","date_gmt":"2023-09-21T19:53:39","guid":{"rendered":"https:\/\/freiheit-liberte.ch\/?post_type=galerien&#038;p=1478"},"modified":"2023-09-21T21:53:40","modified_gmt":"2023-09-21T19:53:40","slug":"congres-dete-2014-a-paudex","status":"publish","type":"galerien","link":"https:\/\/freiheit-liberte.ch\/fr_fr\/galerien\/congres-dete-2014-a-paudex\/","title":{"rendered":"Congr\u00e8s d\u2019\u00e9t\u00e9 2014 \u00e0 Paudex"},"content":{"rendered":"<p><a href=\"https:\/\/freiheit-liberte.ch\/fr_fr\/fileadmin\/_processed_\/c\/b\/csm_DSC00386_89e167ab96.jpg\/\"><\/a><\/p>","protected":false},"excerpt":{"rendered":"","protected":false},"featured_media":0,"template":"","meta":{"_acf_changed":false,"_seopress_robots_primary_cat":"","_seopress_titles_title":"","_seopress_titles_desc":"","_seopress_robots_index":"","_links_to":"","_links_to_target":""},"categories":[],"class_list":["post-1478","galerien","type-galerien","status-publish","hentry"],"acf":[],"_links":{"self":[{"href":"https:\/\/freiheit-liberte.ch\/fr_fr\/wp-json\/wp\/v2\/galerien\/1478","targetHints":{"allow":["GET"]}}],"collection":[{"href":"https:\/\/freiheit-liberte.ch\/fr_fr\/wp-json\/wp\/v2\/galerien"}],"about":[{"href":"https:\/\/freiheit-liberte.ch\/fr_fr\/wp-json\/wp\/v2\/types\/galerien"}],"wp:attachment":[{"href":"https:\/\/freiheit-liberte.ch\/fr_fr\/wp-json\/wp\/v2\/media?parent=1478"}],"wp:term":[{"taxonomy":"category","embeddable":true,"href":"https:\/\/freiheit-liberte.ch\/fr_fr\/wp-json\/wp\/v2\/categories?post=1478"}],"curies":[{"name":"wp","href":"https:\/\/api.w.org\/{rel}","templated":true}]}}

Congrès d’été 2014 à Paudex
